
-111101011011010
In base 10, what is -12 - 15097?
-15109
In base 10, what is 2 + -156327?
-156325
In base 8, what is -11 - 31151?
-31162
In base 12, what is -13 + 2223?
2210
In base 12, what is -6078a + 2?
-60788
In base 4, what is 1022311222 - 112?
1022311110
In base 5, what is -133 + -3404?
-4042
In base 13, what is -c - -ca3?
c94
In base 10, what is 99291 + 0?
99291
In base 8, what is -27 + -34170?
-34217
In base 15, what is 6d + 350?
3bd
In base 9, what is -203 - 228?
-432
In base 13, what is -181 + 1448?
1297
In base 9, what is 23716 - -7?
23724
In base 14, what is 0 - 125a8?
-125a8
In base 11, what is 1225 + -721?
604
In base 9, what is 5 - 17401?
-17385
In base 3, what is 11222012 + -11211?
11210101
In base 2, what is -1101110101001 - 11111?
-1101111001000
In base 16, what is 2 - -fe1a?
fe1c
In base 12, what is 1b9 - 91?
128
In base 10, what is -2 + -4221?
-4223
In base 8, what is -20 - -413773?
413753
In base 11, what is -1 - a218?
-a219
In base 3, what is 10 + 100002111?
100002121
In base 2, what is 11 + 10011011011001101011?
10011011011001101110
In base 10, what is 18 + -630?
-612
In base 6, what is -1 - 301520?
-301521
In base 7, what is -10504 - 6?
-10513
In base 14, what is c16 - -c7?
cdd
In base 8, what is 7 + -11124?
-11115
In base 16, what is -2 - -159?
157
In base 4, what is 22 + -1013020201?
-1013020113
In base 8, what is 1 - 43017?
-43016
In base 2, what is 10000101 + -100011101100?
-100001100111
In base 13, what is 84 - a190?
-a109
In base 6, what is 403442 - 15?
403423
In base 4, what is -2 - -220030233?
220030231
In base 2, what is 100 + -11011011000101?
-11011011000001
In base 9, what is 0 - -7335?
7335
In base 5, what is 3 - -110011?
110014
In base 16, what is -1b0cc + -4?
-1b0d0
In base 16, what is 3b + -3a?
1
In base 14, what is -72 - -bd?
4b
In base 12, what is 9 + -1ab4?
-1aa7
In base 5, what is 2432 + 3423?
11410
In base 14, what is -7 - 9285?
-928c
In base 4, what is -11 + 320131333?
320131322
In base 12, what is -217 + -7a39?
-8054
In base 2, what is -1010 + -1001011000000?
-1001011001010
In base 4, what is 21313001331 - 2?
21313001323
In base 4, what is 10231023 + -10?
10231013
In base 13, what is -30 + -a2?
-102
In base 8, what is 674 + -444?
230
In base 13, what is 4b + 24a?
298
In base 16, what is -1 + 1ddf?
1dde
In base 16, what is -ffc3 - 5?
-ffc8
In base 15, what is c + -240e?
-2402
In base 7, what is 11 - 13402224?
-13402213
In base 15, what is 31015 - -4?
31019
In base 5, what is -22221 + -1010?
-23231
In base 14, what is -4dd + 20c?
-2d1
In base 3, what is -201112101121 + -11?
-201112101202
In base 11, what is -3 - 119635?
-119638
In base 2, what is 1 - -10110010001010110110?
10110010001010110111
In base 8, what is -4 + -12574?
-12600
In base 3, what is -20201 + -12012?
-102220
In base 10, what is 64 - 2339?
-2275
In base 10, what is -790027 - 3?
-790030
In base 14, what is -8 - 1ccb2?
-1ccba
In base 16, what is -1a5f - 0?
-1a5f
In base 16, what is bce54 + 5?
bce59
In base 16, what is -372a + 37?
-36f3
In base 3, what is -100010 - 111?
-100121
In base 3, what is 1002102221 - 1220?
1002101001
In base 11, what is 4 - -27a88?
27a91
In base 12, what is 26a4 - 4?
26a0
In base 15, what is -5193 + -2?
-5195
In base 15, what is -51ecb - -3?
-51ec8
In base 14, what is b - 508b?
-5080
In base 10, what is 445765 + -2?
445763
In base 10, what is 10690 + 4?
10694
In base 8, what is -46 + -26737?
-27005
In base 10, what is 239040 - -3?
239043
In base 14, what is -2888 - 9?
-2893
In base 2, what is 1010011 - 1000000101101111?
-1000000100011100
In base 2, what is -1011 - 10010101?
-10100000
In base 9, what is -5 + -2326462?
-2326467
In base 10, what is 924 - -5?
929
In base 3, what is -122 + -1020122?
-1021021
In base 13, what is 8 - -33396?
333a1
In base 6, what is -220 + -20?
-240
In base 16, what is 2 - -419?
41b
In base 5, what is -22442 + -44?
-23041
In base 2, what is -11000101000000 + -1?
-11000101000001
In base 9, what is -2357 + 2013?
-344
In base 8, what is -1231025 + 0?
-1231025
In base 8, what is -1 + 30540?
30537
In base 2, what is 101 - -11101110110101001000?
11101110110101001101
In base 14, what is 5 + 612b?
6132
In base 7, what is -23526 - 3?
-23532
In base 16, what is -2eda + -4?
-2ede
In base 6, what is -22550302 - -3?
-22550255
In base 16, what is 7a + -ac5?
-a4b
In base 2, what is -110110000001000110 + 100?
-110110000001000010
In base 4, what is 1113 - -302323?
310102
In base 9, what is 758 - 838?
-70
In base 13, what is -2b35 + c?
-2b26
In base 14, what is 218 - -2d?
247
In base 12, what is 17 - 1865a?
-18643
In base 16, what is 31cee - -3?
31cf1
In base 3, what is -120201 + 1011?
-112120
In base 13, what is 863a + -1?
8639
In base 9, what is 7317 + -4?
7313
In base 14, what is 3309c9 + 0?
3309c9
In base 14, what is -1c7ca + 0?
-1c7ca
In base 11, what is -774508 - 4?
-774511
In base 8, what is 544 + -2120?
-1354
In base 8, what is 204 + -35417?
-35213
In base 2, what is -100011011 + 1100?
-100001111
In base 15, what is -4b + -1db4?
-1e10
In base 2, what is -1000101001 - -11111?
-1000001010
In base 14, what is -142 + 108?
-38
In base 16, what is 173 - 3a?
139
In base 4, what is -11 + 21131103?
21131032
In base 16, what is 10d08 - 0?
10d08
In base 4, what is 31 - 101022?
-100331
In base 7, what is 203154 + 6?
203163
In base 15, what is -4 + -2a6568?
-2a656c
In base 16, what is 6 - -22fc3?
22fc9
In base 13, what is 1 - -7c90?
7c91
In base 4, what is 212 + -2001?
-1123
In base 16, what is -67 + -1ac?
-213
In base 15, what is 583 + ad?
641
In base 3, what is 102110202212 + -10?
102110202202
In base 9, what is -213 - -3?
-210
In base 2, what is -10010001110100000 + -11?
-10010001110100011
In base 7, what is 56461 + 3?
56464
In base 8, what is -42 + 2571?
2527
In base 15, what is -2 - -5327?
5325
In base 9, what is 8 - 5448?
-5440
In base 2, what is -11000101101110100 + -10?
-11000101101110110
In base 12, what is -5a + -65636?
-65694
In base 6, what is -42402340 - 0?
-42402340
In base 6, what is 5411 - -15?
5430
In base 9, what is 214 - -46200?
46414
In base 8, what is -47 - -1257?
1210
In base 6, what is -1243243 + -4?
-1243251
In base 6, what is -33 - -15401?
15324
In base 14, what is -a35 - -40?
-9d5
In base 2, what is -1010 - -100111011101?
100111010011
In base 5, what is -3 - 221141?
-221144
In base 7, what is 12236 - -6?
12245
In base 6, what is 144 - -12304?
12452
In base 15, what is -13e940 - -1?
-13e93e
In base 5, what is -1014410 - 2?
-1014412
In base 15, what is -795da - -3?
-795d7
In base 6, what is -1231 - -2000?
325
In base 2, what is -100001111110 - 10001?
-100010001111
In base 3, what is 2102 + 12010?
21112
In base 5, what is 143 - -331213?
331411
In base 2, what is 1000001001000101 - 0?
1000001001000101
In base 11, what is 146 - 1966?
-1820
In base 3, what is 0 - 121021100?
-121021100
In base 11, what is 2a3 + -30?
273
In base 7, what is -22 + 354315?
354263
In base 13, what is -1acc + -3?
-1b02
In base 9, what is 144 - -11177?
11332
In base 4, what is 2 + 1113322?
1113330
In base 14, what is -63a6 + 12?
-6394
In base 16, what is -375e + 4?
-375a
In base 13, what is 8385 + -3?
8382
In base 2, what is -100100110111 + -111?
-100100111110
In base 15, what is -1b + -2e44?
-2e60
In base 2, what is -1000100110 + 10110?
-1000010000
In base 8, what is 117420 + 5?
117425
In base 7, what is -1453 + -332?
-2115
In base 5, what is 132101130 - 10?
132101120
In base 5, what is -3021 + -214?
-3240
In base 15, what is 4 - 2bce?
-2bca
In base 8, what is -17663 - -4?
-17657
In base 15, what is 5 - 15cd8?
-15cd3
In base 13, what is 20c + 43?
252
In base 6, what is -231 - -51514?
51243
In base 15, what is 4 + 15d10?
15d14
In base 12, what is -181a50 - 4?
-181a54
In base 7, what is -13225 + 46?
-13146
In base 16, what is -38 - -5bf?
587
In base 13, what is 16702 + 4?
16706
In base 12, what is -1 - -277097?
277096
In base 15, what is -10 + -7b81?
-7b91
In base 9, what is -150 + 1833?
1673
In base 15, what is 1b890 + -a?
1b885
In base 15, what is a7 - -30a?
3b2
In base 13, what is 17486 - -5b?
17514
In base 9, what is -10 - 320881?
-321001
In base 4, what is 22232231 + 22?
22232313
In base 10, what is 9 + 270316?
270325
In base 5, what is 132340 - 3002?
124333
In base 15, what is 2940 + 4?
2944
In base 9,